{"id":13202,"date":"2023-12-08T11:27:29","date_gmt":"2023-12-08T11:27:29","guid":{"rendered":"https:\/\/ittenbach.org\/?page_id=13202"},"modified":"2023-12-08T11:27:29","modified_gmt":"2023-12-08T11:27:29","slug":"spendenkonto","status":"publish","type":"page","link":"https:\/\/ittenbach.org\/?page_id=13202","title":{"rendered":"Spendenkonto"},"content":{"rendered":"\n<p>Der B\u00fcrgerverein VVI e.V. hat sich zum Ziel gesetzt, das Leben in unserem Dorf zu verbessern. Zur Verwirklichung dieses Zwecks und der zahlreichen Projekte sind wir auf Ihre Hilfe angewiesen. Sollten Sie sich also nicht zu einer Mitgliedschaft durchringen k\u00f6nnen und uns trotzdem unterst\u00fctzen wollen, k\u00f6nnen sie uns mit einer Spende weiterhelfen. Alle notwendigen Informationen haben wir auf dieser Seite f\u00fcr Sie zusammengestellt.<\/p>\n\n\n\n<h2 class=\"wp-block-heading has-black-color has-text-color\" style=\"font-style:normal;font-weight:600\"><strong>Kontaktinformationen<\/strong><\/h2>\n\n\n\n<p>IBAN: DE67 3705 0299 0016 0024 61<br>BIC:  COKSDE33XXX<br>Kreditinstitut: Kreissparkasse K\u00f6ln<\/p>\n","protected":false},"excerpt":{"rendered":"<p>Der B\u00fcrgerverein VVI e.V. hat sich zum Ziel gesetzt, das Leben in unserem Dorf zu verbessern. Zur Verwirklichung dieses Zwecks und der zahlreichen Projekte sind wir auf Ihre Hilfe angewiesen. &hellip; <\/p>\n<p class=\"link-more\"><a href=\"https:\/\/ittenbach.org\/?page_id=13202\" class=\"more-link\"><span class=\"screen-reader-text\">\u201eSpendenkonto\u201c<\/span> weiterlesen<\/a><\/p>\n","protected":false},"author":2,"featured_media":0,"parent":12036,"menu_order":4,"comment_status":"closed","ping_status":"closed","template":"","meta":{"_bbp_topic_count":0,"_bbp_reply_count":0,"_bbp_total_topic_count":0,"_bbp_total_reply_count":0,"_bbp_voice_count":0,"_bbp_anonymous_reply_count":0,"_bbp_topic_count_hidden":0,"_bbp_reply_count_hidden":0,"_bbp_forum_subforum_count":0,"footnotes":""},"_links":{"self":[{"href":"https:\/\/ittenbach.org\/index.php?rest_route=\/wp\/v2\/pages\/13202"}],"collection":[{"href":"https:\/\/ittenbach.org\/index.php?rest_route=\/wp\/v2\/pages"}],"about":[{"href":"https:\/\/ittenbach.org\/index.php?rest_route=\/wp\/v2\/types\/page"}],"author":[{"embeddable":true,"href":"https:\/\/ittenbach.org\/index.php?rest_route=\/wp\/v2\/users\/2"}],"replies":[{"embeddable":true,"href":"https:\/\/ittenbach.org\/index.php?rest_route=%2Fwp%2Fv2%2Fcomments&post=13202"}],"version-history":[{"count":1,"href":"https:\/\/ittenbach.org\/index.php?rest_route=\/wp\/v2\/pages\/13202\/revisions"}],"predecessor-version":[{"id":13203,"href":"https:\/\/ittenbach.org\/index.php?rest_route=\/wp\/v2\/pages\/13202\/revisions\/13203"}],"up":[{"embeddable":true,"href":"https:\/\/ittenbach.org\/index.php?rest_route=\/wp\/v2\/pages\/12036"}],"wp:attachment":[{"href":"https:\/\/ittenbach.org\/index.php?rest_route=%2Fwp%2Fv2%2Fmedia&parent=13202"}],"curies":[{"name":"wp","href":"https:\/\/api.w.org\/{rel}","templated":true}]}}